factors of 7373540.
2, 5, 29, 12713
List the prime factors of 705929.
7, 100847
What are the prime factors of 2781129?
3, 13, 29, 2459
What are the prime factors of 579081?
3, 43, 67
What are the prime factors of 24273509?
13, 1867193
List the prime factors of 948947.
948947
What are the prime factors of 658114?
2, 127, 2591
What are the prime factors of 1572296?
2, 11, 17, 1051
List the prime factors of 40177.
40177
List the prime factors of 34608284.
2, 23, 113, 3329
List the prime factors of 1554501.
3, 13, 23, 1733
List the prime factors of 13262896.
2, 359, 2309
List the prime factors of 1677310.
2, 5, 41, 4091
What are the prime factors of 2860409?
2860409
What are the prime factors of 113645?
5, 7, 17, 191
What are the prime factors of 18095446?
2, 17, 31307
What are the prime factors of 5887844?
2, 883, 1667
What are the prime factors of 15590543?
15590543
List the prime factors of 26911109.
26911109
What are the prime factors of 14593985?
5, 7, 43, 9697
List the prime factors of 5617424.
2, 109, 3221
List the prime factors of 112768.
2, 881
What are the prime factors of 265061?
401, 661
What are the prime factors of 751459?
61, 97, 127
List the prime factors of 437254.
2, 218627
What are the prime factors of 852779?
31, 27509
What are the prime factors of 547358?
2, 7, 39097
What are the prime factors of 702831?
3, 17, 13781
List the prime factors of 48712.
2, 6089
List the prime factors of 292509.
3, 7, 4643
List the prime factors of 2311602.
2, 3, 385267
What are the prime factors of 210962?
2, 313, 337
What are the prime factors of 162640?
2, 5, 19, 107
List the prime factors of 373266.
2, 3, 89, 233
List the prime factors of 11118295.
5, 43, 51713
What are the prime factors of 1709326?
2, 37, 23099
List the prime factors of 69990.
2, 3, 5, 2333
List the prime factors of 30266451.
3, 137, 24547
What are the prime factors of 8615241?
3, 31, 47, 73
What are the prime factors of 1514375?
5, 2423
What are the prime factors of 209105?
5, 13, 3217
List the prime factors of 36651.
3, 19, 643
List the prime factors of 39373.
39373
List the prime factors of 13760237.
19, 47, 811
What are the prime factors of 1543607?
13, 118739
List the prime factors of 1062118.
2, 59, 9001
List the prime factors of 824054.
2, 7, 11, 5351
List the prime factors of 8567833.
8567833
List the prime factors of 600855.
3, 5, 41, 977
What are the prime factors of 183529?
223, 823
List the prime factors of 9000417.
3, 647, 4637
What are the prime factors of 1141651?
7, 23, 1013
List the prime factors of 735724.
2, 11, 23, 727
What are the prime factors of 702281?
702281
List the prime factors of 418086.
2, 3, 23227
List the prime factors of 379406.
2, 17, 11159
What are the prime factors of 635472?
2, 3, 1471
List the prime factors of 848830.
2, 5, 29, 2927
List the prime factors of 304380.
2, 3, 5, 19, 89
List the prime factors of 88936.
2, 11117
What are the prime factors of 990369?
3, 17, 6473
What are the prime factors of 1474322?
2, 571, 1291
List the prime factors of 2843892.
2, 3, 197, 401
What are the prime factors of 63782?
2, 31891
What are the prime factors of 332904?
2, 3, 11, 13, 97
List the prime factors of 6794205.
3, 5, 11, 41177
List the prime factors of 1775032.
2, 7, 29, 1093
List the prime factors of 202303.
101, 2003
List the prime factors of 821269.
337, 2437
What are the prime factors of 3346203?
3, 7, 79, 2017
List the prime factors of 1489304.
2, 186163
What are the prime factors of 4249924?
2, 7, 151783
What are the prime factors of 1065689?
1065689
List the prime factors of 5290119.
3, 31, 67, 283
What are the prime factors of 350362?
2, 31, 5651
What are the prime factors of 1060099?
443, 2393
What are the prime factors of 196448?
2, 7, 877
What are the prime factors of 1535495?
5, 13, 23623
List the prime factors of 463591.
53, 8747
What are the prime factors of 3507494?
2, 1753747
What are the prime factors of 473558?
2, 236779
What are the prime factors of 485440?
2, 5, 37, 41
What are the prime factors of 520720?
2, 5, 23, 283
List the prime factors of 3664649.
3664649
What are the prime factors of 1200390?
2, 3, 5, 40013
What are the prime factors of 1523475?
3, 5, 37, 61
What are the prime factors of 169992?
2, 3, 787
What are the prime factors of 3457884?
2, 3, 47, 6131
What are the prime factors of 269932?
2, 13, 29, 179
What are the prime factors of 7145171?
11, 59051
List the prime factors of 25807937.
83, 239, 1301
List the prime factors of 21924071.
13, 61, 27647
List the prime factors of 291886.
2, 7, 20849
List the prime factors of 324108.
2, 3, 3001
List the prime factors of 979368.
2, 3, 13, 43, 73
What are the prime factors of 1104293?
1104293
List the prime factors of 1328914.
2, 401, 1657
What are the prime factors of 18295194?
2, 3, 3049199
List the prime factors of 815333.
815333
List the prime factors of 79325.
5, 19, 167
List the prime factors of 1794722.
2, 37, 79, 307
List the prime factors of 2808047.
11, 23, 1009
List the prime factors of 2248253.
7, 509, 631
What are the prime factors of 793819?
13, 227, 269
List the prime factors of 5317122.
2, 3, 37, 43, 557
What are the prime factors of 1467206?
2, 13, 56431
What are the prime factors of 995049?
3, 11, 19, 23
List the prime factors of 171477.
3, 29, 73
What are the prime factors of 8234807?
7, 59, 127, 157
What are the prime factors of 207589?
207589
What are the prime factors of 217372?
2, 31, 1753
List the prime factors of 536665.
5, 181, 593
List the prime factors of 379016.
2, 11, 59, 73
List the prime factors of 991249.
7, 19, 29, 257
What are the prime factors of 31130152?
2, 41, 107, 887
What are the prime factors of 2092876?
2, 523219
What are the prime factors of 416148?
2, 3, 34679
List the prime factors of 16401228.
2, 3, 1366769
List the prime factors of 2857589.
7, 23, 17749
What are the prime factors of 1248044?
2, 7, 29, 53
List the prime factors of 83833.
83833
List the prime factors of 223365.
3, 5, 14891
What are the prime factors of 737165?
5, 11, 13, 1031
What are the prime factors of 2574815?
5, 71, 7253
List the prime factors of 1261067.
23, 54829
What are the prime factors of 21927816?
2, 3, 304553
What are the prime factors of 2285408?
2, 71419
List the prime factors of 4806626.
2, 11, 43, 5081
What are the prime factors of 149471?
7, 131, 163
What are the prime factors of 723136?
2, 11299
List the prime factors of 2129620.
2, 5, 233, 457
List the prime factors of 2882196.
2, 3, 26687
List the prime factors of 33642.
2, 3, 7, 89
What are the prime factors of 138336?
2, 3, 11, 131
What are the prime factors of 749527?
137, 5471
What are the prime factors of 1790386?
2, 13, 5297
List the prime factors of 6513461.
6513461
List the prime factors of 1840047.
3, 11, 37, 137
What are the prime factors of 23863458?
2, 3, 3977243
List the prime factors of 1008127.
29, 34763
List the prime factors of 141102.
2, 3, 13, 67
List the prime factors of 702536.
2, 137, 641
List the prime factors of 9255526.
2, 7, 661109
List the prime factors of 4073165.
5, 814633
What are the prime factors of 1836119?
17, 108007
What are the prime factors of 3064466?
2, 223, 6871
List the prime factors of 257189.
257189
List the prime factors of 4133063.
11, 607, 619
List the prime factors of 11196970.
2, 5, 1119697
List the prime factors of 542115.
3, 5, 7, 1721
What are the prime factors of 226824?
2, 3, 13, 727
List the prime factors of 693775.
5, 27751
What are the prime factors of 1216781?
31, 39251
List the prime factors of 10031617.
331, 30307
List the prime factors of 1709907.
3, 47, 67, 181
What are the prime factors of 335582?
2, 13, 12907
What are the prime factors of 145640?
2, 5, 11, 331
What are the prime factors of 15585350?
2, 5, 11, 43, 659
What are the prime factors of 247443?
3, 7, 11783
What are the prime factors of 61633?
11, 13, 431
What are the prime factors of 3356459?
23, 145933
List the prime factors of 259195.
5, 51839
List the prime factors of 7608953.
11, 691723
What are the prime factors of 1155537?
3, 128393
What are the prime factors of 1600794?
2, 3, 13, 6841
List the prime factors of 4938750.
2, 3, 5, 439
What are the prime factors of 1233286?
2, 616643
What are the prime factors of 157033?
373, 421
What are the prime factors 